. Suppose 3*b = 5*m - 68, 5*m + 5*b - s - 33 = 0. What is the remainder when (-2 + 56)/2 - 2 is divided by m?
12
Suppose 2876 = 5*u - 4*v, -3*v = 2*u - 967 - 188. What is the remainder when (8/6)/(((-8)/(-2))/u) is divided by 15?
12
Let d(h) = 8*h**2 - 3*h + 30. Let v be d(9). Suppose -25*p = 6*p - v. Let f = 452 - 308. What is the remainder when f is divided by p?
18
Let w = 1453 + -1135. Calculate the remainder when w is divided by 19.
14
Suppose -492 - 192 = -114*w. What is the remainder when 57 is divided by w?
3
Suppose -37*k = -2520 - 736. What is the remainder when 1757 is divided by k?
85
Suppose -14*i = -10*i + 4*z - 2848, -2*i - 4*z = -1434. What is the remainder when i is divided by 19?
4
What is the remainder when -1 - -186 - (-20 + 5 - -12) is divided by (25 + -10)*5/3 + -1?
20
Let a = -3 + 4. Suppose 5*q + 2*u - 25 = 0, u + 4 = q - a. Suppose q*z + 42 = 5*t + 177, 0 = z - 2*t - 29. What is the remainder when z is divided by 14?
11
Suppose -6*s = -s - 5*d - 785, 20 = -4*d. Calculate the remainder when s is divided by 17.
16
Let d(z) = -z**2 + 21*z - 10. Let v be d(9). Let j = v - 45. Suppose 5*g = -2*f + j, g - 2*f + 31 = 4*g. Calculate the remainder when 42 is divided by g.
9
Suppose -g + 213 = -0*g. Let q = -13314 - -13319. Calculate the remainder when g is divided by q.
3
Let q(j) = -j**2 - 26*j - 18. Suppose -3*m + m - 46 = 0. Suppose 0 = -5*g - 399 + 1159. What is the remainder when g is divided by q(m)?
50
Let b(y) = 3*y**3 - 5*y**2 - 3*y + 6. Let z be (-1)/(-3)*(-30 - -24). What is the remainder when b(4) is divided by -31*((-14)/z - 8)?
13
Suppose -2*x - 3*z = 1447, 5*z = -4*x + x - 2173. Let p = 742 + x. What is the remainder when 96 is divided by p?
18
Let m(a) = 1406*a**2 - 2*a + 3. Calculate the remainder when m(2) is divided by 15.
13
Let f be 2 + 0 + (-3432)/24. Let t = f - -184. Calculate the remainder when t is divided by 7.
1
Suppose u + 57 = 84. Let s(b) = b**3 + 7*b**2 + 12*b + 7. Let a be s(-5). What is the remainder when u is divided by (3/(a/(-16)))/1?
11
Let z(u) = u**3 - 7*u**2 - 4*u - 4. Let b be z(8). Suppose 3*j + b = 10*j. Calculate the remainder when 55 is divided by (-460)/(-16) + 0 + (-3)/j.
27
Suppose 4*s + s = 0. Suppose -3*y - 43 + 178 = s. What is the remainder when 404 is divided by y?
44
Let c be 1239/6 + 98/28. Suppose 208*q = c*q - 1474. Calculate the remainder when q is divided by 41.
40
Suppose m = -5*r + 343, -4*m = r - 29 - 1191. Suppose -157 = -3*f + 71. What is the remainder when m is divided by f?
75
Let p(m) = 15*m - 259. Suppose -3*t + 32 = -5*o - 6, -5*o = -25. Calculate the remainder when 275 is divided by p(t).
51
Let s be (3/2)/1*2224/24. Let j = s - -125. Calculate the remainder when j is divided by 67.
63
Let x = 58 + -51. Calculate the remainder when (-30)/(x + -8)*20 is divided by 14.
12
Calculate the remainder when 707 is divided by 9*((-2)/4 - 300/(-216)).
3
Let f(s) = -s**3 + 6*s**2 + 11*s - 11. Calculate the remainder when 1489 is divided by f(7).
10
Suppose -630 = -8*n - 6*n. Suppose 0 = -3*c + 3*m + n, -23 = -3*c + 2*m + 18. What is the remainder when 162 is divided by c?
8
Let t = -532 + 824. Let a = -213 + t. Calculate the remainder when a is divided by 30.
19
Let f(c) = 69*c - 4356. What is the remainder when 762 is divided by f(65)?
117
Calculate the remainder when 409915/3598 - 2/(-28) is divided by 57.
0
Suppose 868 = 46*o + 86. Suppose -6 - 18 = -4*q. Calculate the remainder when o is divided by q.
5
Let j(a) = a**3 + a**2 + a + 58. Suppose -5474 = 35*v + 6928 - 18492. Calculate the remainder when v is divided by j(0).
0
Let n(r) = 9*r + 26. Suppose -32*t + 46*t = 84. What is the remainder when n(t) is divided by 17?
12
Let l(s) = -s**2 + 27*s - 68. Let y be l(21). Let p = y + -45. What is the remainder when 232 is divided by p?
11
Let n = -88328 - -88377. Let s = 212 - 122. Calculate the remainder when s is divided by n.
41
Let c be ((-4)/(-10))/(-5*(-7)/175). Suppose -b + c*b = -0*b. Suppose -22*k + 20*k + 50 = b. Calculate the remainder when 197 is divided by k.
22
Suppose j = 31 + 1. Suppose -6*o = -4*i + 568, -4*i + 632 = 393*o - 391*o. What is the remainder when i is divided by j?
26
Let n(f) = 11 + 3*f + 11 - 44 + 13. Let k be n(18). Calculate the remainder when -3*5*6/k - -28 is divided by 8.
2
Suppose 16*y - 3 = 317. Suppose -m = 5*p, 0 = 3*m - 6*p + 11*p - y. What is the remainder when 498 is divided by m?
8
Let c = 4110 - 2853. Calculate the remainder when c is divided by 9.
6
Let k(b) = 2*b**2 + 7*b + 12. Let a be k(-7). Calculate the remainder when 42 is divided by a/2 - 60/40.
13
Suppose 96 = -2*t + 6*t. Suppose 0 = 5*v, -3*x - 3*v - 416 = x. Let c = x - -175. Calculate the remainder when c is divided by t.
23
Let i = 1654 - 1110. What is the remainder when i is divided by 42?
40
Suppose 69 = 2*c - 3*z, z - 2 = -7. What is the remainder when (-3656)/(-72) + 6/c is divided by 4?
3
Let v = -969 + 81. Let j = -189 - v. Calculate the remainder when j is divided by 20.
19
Suppose y + l - 113 = 0, -5*y - l + 1458 = 877. Calculate the remainder when y is divided by 93.
24
Let s = -344 - -684. Let z = s - 320. Let l(t) = t**2 - 2*t + 2. Calculate the remainder when l(-5) is divided by z.
17
Suppose l + 855 = 4*q, 5*q + l + 77 = 1139. What is the remainder when q is divided by 72?
69
Suppose 8*a + 1986 = 4*n + 5*a, 2*n - 994 = 2*a. Suppose 12*j - 21*j = -n. Calculate the remainder when j is divided by 14.
13
Let c(s) = -s**2 - 17*s - 33. Let n be c(-10). Let r = n + 20. What is the remainder when r is divided by 10?
7
What is the remainder when (6/5)/(2/1270) is divided by 85?
82
Let q(h) = -7*h**3 + 2*h**2 + 5*h. Let v(u) = -u**3 + u**2 - u - 1. Let t(f) = q(f) - 6*v(f). What is the remainder when 14 is divided by t(-6)?
2
Let u = -103 + 87. Calculate the remainder when 12/u + 87/4 is divided by 8.
5
Suppose -6*y + y + 2*k + 138 = 0, y + 2*k = 18. Suppose y*n = 1761 + 527. Calculate the remainder when n is divided by 26.
10
Calculate the remainder when 2110 is divided by (88/11 - 7)*-1 - -25.
22
Let w = 446 - 438. Calculate the remainder when 82 is divided by w.
2
Let f(c) = -c**3 - 21*c**2 - 76*c + 406. What is the remainder when 286 is divided by f(-9)?
50
Let i(z) = -7*z**3 + 220*z**2 + 71*z - 19. What is the remainder when i(31) is divided by 130?
125
Let k = 9694 - 9631. What is the remainder when 2582 is divided by k?
62
Suppose 10*x - 136 = -24*x. Suppose 0 = -x*s + 8, 2*y + s - 65 = 7. What is the remainder when 139 is divided by y?
34
Let c be 1/(-2) - 1 - (-1300)/200. Suppose 3*o = -a + 2*a + 375, 5*o - c*a - 625 = 0. What is the remainder when o is divided by 43?
39
Let x = -377 - -313. Calculate the remainder when (2 + -10 + 7)*x is divided by 29.
6
Calculate the remainder when 323 is divided by ((-426)/12)/(56/(-224)).
39
Let y(z) = 12*z**2 + 32*z**2 + 22*z - 4*z**2 + 48 + 24*z**2. What is the remainder when y(-3) is divided by 40?
38
Suppose 29*l = 26*l - j + 511, 0 = 3*l - 4*j - 536. Calculate the remainder when l is divided by 3.
1
Let f = -20349 - -20371. Calculate the remainder when 2084 is divided by f.
16
Suppose 23*v - 4063 = 1845 + 14516. Calculate the remainder when v is divided by 69.
60
Suppose -10640 = 102*f - 89894. What is the remainder when f is divided by 160?
137
Suppose 78 = -3*v + 3*k, 16 = -v + 3*k - 20. Let q = 23 + v. Suppose -4*z + 2*h + 90 = 4*h, q*h - 110 = -5*z. Calculate the remainder when 37 is divided by z.
17
Let p(h) = h**2 + 23*h - 3. Suppose 137 = 2*c + 2*o - o, 140 = 2*c + 4*o. Calculate the remainder when c is divided by p(-24).
5
Suppose 85 = -5399*x + 5416*x. Calculate the remainder when 2045 is divided by x.
0
Let q = 13154 - 12857. What is the remainder when q is divided by 120?
57
Let w(q) be the third derivative of q**4/24 + 39*q**3/2 + 7*q**2 + 24. Let r(b) = 3*b - 5. What is the remainder when w(-7) is divided by r(7)?
14
Let u = 417 + -59. What is the remainder when u is divided by 20?
18
Let d = -13 - 24. Suppose 0 = -31*q - 23*q. Let k = q - d. What is the remainder when k is divided by 13?
11
What is the remainder when (4332/(-8))/(54/(-1044)) is divided by 77?
74
Suppose 32*n - 8*n = -46*n + 136990. Calculate the remainder when n is divided by 645.
22
Suppose -602 - 210 = -14*j. Let u = -19 